{"id":138,"date":"2023-03-22T14:48:43","date_gmt":"2023-03-22T13:48:43","guid":{"rendered":"https:\/\/www.oshrychnov.cz\/pohl\/?page_id=138"},"modified":"2025-01-12T18:23:48","modified_gmt":"2025-01-12T17:23:48","slug":"sponzori-ligy","status":"publish","type":"page","link":"https:\/\/www.oshrychnov.cz\/pohl\/index.php\/sponzori-ligy\/","title":{"rendered":"SPONZO\u0158I LIGY"},"content":{"rendered":"\r\n<p>Sponzo\u0159i a partne\u0159i se aktivn\u011b pod\u00edlej\u00ed na podpo\u0159e ligy.<\/p>\r\n<p><a href=\"http:\/\/grizzly-motor.cz\"><img loading=\"lazy\" decoding=\"async\" class=\"wp-image-524 size-large aligncenter\" src=\"https:\/\/www.oshrychnov.cz\/pohl\/wp-content\/uploads\/2025\/01\/GrizzlyMotor-nabidka-sluzeb-1-724x1024.jpeg\" alt=\"\" width=\"724\" height=\"1024\" srcset=\"https:\/\/www.oshrychnov.cz\/pohl\/wp-content\/uploads\/2025\/01\/GrizzlyMotor-nabidka-sluzeb-1-724x1024.jpeg 724w, https:\/\/www.oshrychnov.cz\/pohl\/wp-content\/uploads\/2025\/01\/GrizzlyMotor-nabidka-sluzeb-1-212x300.jpeg 212w, https:\/\/www.oshrychnov.cz\/pohl\/wp-content\/uploads\/2025\/01\/GrizzlyMotor-nabidka-sluzeb-1-768x1086.jpeg 768w, https:\/\/www.oshrychnov.cz\/pohl\/wp-content\/uploads\/2025\/01\/GrizzlyMotor-nabidka-sluzeb-1-1086x1536.jpeg 1086w, https:\/\/www.oshrychnov.cz\/pohl\/wp-content\/uploads\/2025\/01\/GrizzlyMotor-nabidka-sluzeb-1.jpeg 1414w\" sizes=\"auto, (max-width: 724px) 100vw, 724px\" \/><\/a><\/p>\r\n<p>&nbsp;<\/p>\r\n<p><a href=\"https:\/\/www.pivovarrampusak.cz\"><img loading=\"lazy\" decoding=\"async\" class=\"aligncenter wp-image-520 size-full\" src=\"https:\/\/www.oshrychnov.cz\/pohl\/wp-content\/uploads\/2025\/01\/IMG_9573.png\" alt=\"\" width=\"876\" height=\"475\" srcset=\"https:\/\/www.oshrychnov.cz\/pohl\/wp-content\/uploads\/2025\/01\/IMG_9573.png 876w, https:\/\/www.oshrychnov.cz\/pohl\/wp-content\/uploads\/2025\/01\/IMG_9573-300x163.png 300w, https:\/\/www.oshrychnov.cz\/pohl\/wp-content\/uploads\/2025\/01\/IMG_9573-768x416.png 768w\" sizes=\"auto, (max-width: 876px) 100vw, 876px\" \/><\/a><\/p>\r\n\r\n\r\n\r\n\r\n\r\n\r\n\r\n\r\n\r\n<figure class=\"wp-block-image size-full\"><\/figure>\r\n<p><a href=\"http:\/\/ppb-pohary.cz\"><img loading=\"lazy\" decoding=\"async\" class=\"aligncenter wp-image-526 size-large\" src=\"https:\/\/www.oshrychnov.cz\/pohl\/wp-content\/uploads\/2025\/01\/IMG_9575-1024x652.png\" alt=\"\" width=\"1024\" height=\"652\" srcset=\"https:\/\/www.oshrychnov.cz\/pohl\/wp-content\/uploads\/2025\/01\/IMG_9575-1024x652.png 1024w, https:\/\/www.oshrychnov.cz\/pohl\/wp-content\/uploads\/2025\/01\/IMG_9575-300x191.png 300w, https:\/\/www.oshrychnov.cz\/pohl\/wp-content\/uploads\/2025\/01\/IMG_9575-768x489.png 768w, https:\/\/www.oshrychnov.cz\/pohl\/wp-content\/uploads\/2025\/01\/IMG_9575-1536x978.png 1536w, https:\/\/www.oshrychnov.cz\/pohl\/wp-content\/uploads\/2025\/01\/IMG_9575.png 2048w\" sizes=\"auto, (max-width: 1024px) 100vw, 1024px\" \/><img loading=\"lazy\" decoding=\"async\" class=\"aligncenter wp-image-405 size-large\" src=\"https:\/\/www.oshrychnov.cz\/pohl\/wp-content\/uploads\/2024\/01\/PPB-1024x622.jpg\" alt=\"\" width=\"1024\" height=\"622\" srcset=\"https:\/\/www.oshrychnov.cz\/pohl\/wp-content\/uploads\/2024\/01\/PPB-1024x622.jpg 1024w, https:\/\/www.oshrychnov.cz\/pohl\/wp-content\/uploads\/2024\/01\/PPB-300x182.jpg 300w, https:\/\/www.oshrychnov.cz\/pohl\/wp-content\/uploads\/2024\/01\/PPB-768x466.jpg 768w, https:\/\/www.oshrychnov.cz\/pohl\/wp-content\/uploads\/2024\/01\/PPB-1536x933.jpg 1536w, https:\/\/www.oshrychnov.cz\/pohl\/wp-content\/uploads\/2024\/01\/PPB-2048x1244.jpg 2048w\" sizes=\"auto, (max-width: 1024px) 100vw, 1024px\" \/><\/a><\/p>\r\n<p>&nbsp;<\/p>\r\n<p>Medi\u00e1ln\u00ed partner ligy:<\/p>\r\n<p>&nbsp;<\/p>\r\n<p><a href=\"http:\/\/sport-rychnovska.cz\"><img loading=\"lazy\" decoding=\"async\" class=\"aligncenter wp-image-403 size-full\" src=\"https:\/\/www.oshrychnov.cz\/pohl\/wp-content\/uploads\/2024\/01\/SRK-reklama-2.jpg\" alt=\"\" width=\"988\" height=\"723\" srcset=\"https:\/\/www.oshrychnov.cz\/pohl\/wp-content\/uploads\/2024\/01\/SRK-reklama-2.jpg 988w, https:\/\/www.oshrychnov.cz\/pohl\/wp-content\/uploads\/2024\/01\/SRK-reklama-2-300x220.jpg 300w, https:\/\/www.oshrychnov.cz\/pohl\/wp-content\/uploads\/2024\/01\/SRK-reklama-2-768x562.jpg 768w\" sizes=\"auto, (max-width: 988px) 100vw, 988px\" \/><\/a><\/p>\r\n","protected":false},"excerpt":{"rendered":"<p>Sponzo\u0159i a partne\u0159i se aktivn\u011b pod\u00edlej\u00ed na podpo\u0159e ligy. &nbsp;<\/p>\n","protected":false},"author":1,"featured_media":0,"parent":0,"menu_order":0,"comment_status":"closed","ping_status":"closed","template":"","meta":{"_monsterinsights_skip_tracking":false,"_monsterinsights_sitenote_active":false,"_monsterinsights_sitenote_note":"","_monsterinsights_sitenote_category":0,"footnotes":""},"class_list":["post-138","page","type-page","status-publish"],"yoast_head":"<!-- This site is optimized with the Yoast SEO plugin v26.8 - https:\/\/yoast.com\/product\/yoast-seo-wordpress\/ -->\n<title>SPONZO\u0158I LIGY - Podorlick\u00e1 hasi\u010dsk\u00e1 liga<\/title>\n<meta name=\"description\" content=\"Sponzo\u0159i Podorlick\u00e9 hasi\u010dsk\u00e9 ligy, kte\u0159\u00ed se aktivn\u011b pod\u00edlej\u00ed na jej\u00ed podpo\u0159e.\" \/>\n<meta name=\"robots\" content=\"index, follow, max-snippet:-1, max-image-preview:large, max-video-preview:-1\" \/>\n<link rel=\"canonical\" href=\"https:\/\/www.oshrychnov.cz\/pohl\/index.php\/sponzori-ligy\/\" \/>\n<meta property=\"og:locale\" content=\"cs_CZ\" \/>\n<meta property=\"og:type\" content=\"article\" \/>\n<meta property=\"og:title\" content=\"SPONZO\u0158I LIGY - Podorlick\u00e1 hasi\u010dsk\u00e1 liga\" \/>\n<meta property=\"og:description\" content=\"Sponzo\u0159i Podorlick\u00e9 hasi\u010dsk\u00e9 ligy, kte\u0159\u00ed se aktivn\u011b pod\u00edlej\u00ed na jej\u00ed podpo\u0159e.\" \/>\n<meta property=\"og:url\" content=\"https:\/\/www.oshrychnov.cz\/pohl\/index.php\/sponzori-ligy\/\" \/>\n<meta property=\"og:site_name\" content=\"Podorlick\u00e1 hasi\u010dsk\u00e1 liga\" \/>\n<meta property=\"article:modified_time\" content=\"2025-01-12T17:23:48+00:00\" \/>\n<meta property=\"og:image\" content=\"https:\/\/www.oshrychnov.cz\/pohl\/wp-content\/uploads\/2025\/01\/GrizzlyMotor-nabidka-sluzeb-1.jpeg\" \/>\n\t<meta property=\"og:image:width\" content=\"1414\" \/>\n\t<meta property=\"og:image:height\" content=\"2000\" \/>\n\t<meta property=\"og:image:type\" content=\"image\/jpeg\" \/>\n<meta name=\"twitter:card\" content=\"summary_large_image\" \/>\n<meta name=\"twitter:label1\" content=\"Odhadovan\u00e1 doba \u010dten\u00ed\" \/>\n\t<meta name=\"twitter:data1\" content=\"2 minuty\" \/>\n<script type=\"application\/ld+json\" class=\"yoast-schema-graph\">{\"@context\":\"https:\/\/schema.org\",\"@graph\":[{\"@type\":\"WebPage\",\"@id\":\"https:\/\/www.oshrychnov.cz\/pohl\/index.php\/sponzori-ligy\/\",\"url\":\"https:\/\/www.oshrychnov.cz\/pohl\/index.php\/sponzori-ligy\/\",\"name\":\"SPONZO\u0158I LIGY - Podorlick\u00e1 hasi\u010dsk\u00e1 liga\",\"isPartOf\":{\"@id\":\"https:\/\/www.oshrychnov.cz\/pohl\/#website\"},\"primaryImageOfPage\":{\"@id\":\"https:\/\/www.oshrychnov.cz\/pohl\/index.php\/sponzori-ligy\/#primaryimage\"},\"image\":{\"@id\":\"https:\/\/www.oshrychnov.cz\/pohl\/index.php\/sponzori-ligy\/#primaryimage\"},\"thumbnailUrl\":\"https:\/\/www.oshrychnov.cz\/pohl\/wp-content\/uploads\/2025\/01\/GrizzlyMotor-nabidka-sluzeb-1-724x1024.jpeg\",\"datePublished\":\"2023-03-22T13:48:43+00:00\",\"dateModified\":\"2025-01-12T17:23:48+00:00\",\"description\":\"Sponzo\u0159i Podorlick\u00e9 hasi\u010dsk\u00e9 ligy, kte\u0159\u00ed se aktivn\u011b pod\u00edlej\u00ed na jej\u00ed podpo\u0159e.\",\"breadcrumb\":{\"@id\":\"https:\/\/www.oshrychnov.cz\/pohl\/index.php\/sponzori-ligy\/#breadcrumb\"},\"inLanguage\":\"cs\",\"potentialAction\":[{\"@type\":\"ReadAction\",\"target\":[\"https:\/\/www.oshrychnov.cz\/pohl\/index.php\/sponzori-ligy\/\"]}]},{\"@type\":\"ImageObject\",\"inLanguage\":\"cs\",\"@id\":\"https:\/\/www.oshrychnov.cz\/pohl\/index.php\/sponzori-ligy\/#primaryimage\",\"url\":\"https:\/\/www.oshrychnov.cz\/pohl\/wp-content\/uploads\/2025\/01\/GrizzlyMotor-nabidka-sluzeb-1.jpeg\",\"contentUrl\":\"https:\/\/www.oshrychnov.cz\/pohl\/wp-content\/uploads\/2025\/01\/GrizzlyMotor-nabidka-sluzeb-1.jpeg\",\"width\":1414,\"height\":2000},{\"@type\":\"BreadcrumbList\",\"@id\":\"https:\/\/www.oshrychnov.cz\/pohl\/index.php\/sponzori-ligy\/#breadcrumb\",\"itemListElement\":[{\"@type\":\"ListItem\",\"position\":1,\"name\":\"Home\",\"item\":\"https:\/\/www.oshrychnov.cz\/pohl\/\"},{\"@type\":\"ListItem\",\"position\":2,\"name\":\"SPONZO\u0158I LIGY\"}]},{\"@type\":\"WebSite\",\"@id\":\"https:\/\/www.oshrychnov.cz\/pohl\/#website\",\"url\":\"https:\/\/www.oshrychnov.cz\/pohl\/\",\"name\":\"Podorlick\u00e1 hasi\u010dsk\u00e1 liga\",\"description\":\"Seri\u00e1l sout\u011b\u017e\u00ed v po\u017e\u00e1rn\u00edm \u00fatoku\",\"potentialAction\":[{\"@type\":\"SearchAction\",\"target\":{\"@type\":\"EntryPoint\",\"urlTemplate\":\"https:\/\/www.oshrychnov.cz\/pohl\/?s={search_term_string}\"},\"query-input\":{\"@type\":\"PropertyValueSpecification\",\"valueRequired\":true,\"valueName\":\"search_term_string\"}}],\"inLanguage\":\"cs\"}]}<\/script>\n<!-- \/ Yoast SEO plugin. -->","yoast_head_json":{"title":"SPONZO\u0158I LIGY - Podorlick\u00e1 hasi\u010dsk\u00e1 liga","description":"Sponzo\u0159i Podorlick\u00e9 hasi\u010dsk\u00e9 ligy, kte\u0159\u00ed se aktivn\u011b pod\u00edlej\u00ed na jej\u00ed podpo\u0159e.","robots":{"index":"index","follow":"follow","max-snippet":"max-snippet:-1","max-image-preview":"max-image-preview:large","max-video-preview":"max-video-preview:-1"},"canonical":"https:\/\/www.oshrychnov.cz\/pohl\/index.php\/sponzori-ligy\/","og_locale":"cs_CZ","og_type":"article","og_title":"SPONZO\u0158I LIGY - Podorlick\u00e1 hasi\u010dsk\u00e1 liga","og_description":"Sponzo\u0159i Podorlick\u00e9 hasi\u010dsk\u00e9 ligy, kte\u0159\u00ed se aktivn\u011b pod\u00edlej\u00ed na jej\u00ed podpo\u0159e.","og_url":"https:\/\/www.oshrychnov.cz\/pohl\/index.php\/sponzori-ligy\/","og_site_name":"Podorlick\u00e1 hasi\u010dsk\u00e1 liga","article_modified_time":"2025-01-12T17:23:48+00:00","og_image":[{"width":1414,"height":2000,"url":"https:\/\/www.oshrychnov.cz\/pohl\/wp-content\/uploads\/2025\/01\/GrizzlyMotor-nabidka-sluzeb-1.jpeg","type":"image\/jpeg"}],"twitter_card":"summary_large_image","twitter_misc":{"Odhadovan\u00e1 doba \u010dten\u00ed":"2 minuty"},"schema":{"@context":"https:\/\/schema.org","@graph":[{"@type":"WebPage","@id":"https:\/\/www.oshrychnov.cz\/pohl\/index.php\/sponzori-ligy\/","url":"https:\/\/www.oshrychnov.cz\/pohl\/index.php\/sponzori-ligy\/","name":"SPONZO\u0158I LIGY - Podorlick\u00e1 hasi\u010dsk\u00e1 liga","isPartOf":{"@id":"https:\/\/www.oshrychnov.cz\/pohl\/#website"},"primaryImageOfPage":{"@id":"https:\/\/www.oshrychnov.cz\/pohl\/index.php\/sponzori-ligy\/#primaryimage"},"image":{"@id":"https:\/\/www.oshrychnov.cz\/pohl\/index.php\/sponzori-ligy\/#primaryimage"},"thumbnailUrl":"https:\/\/www.oshrychnov.cz\/pohl\/wp-content\/uploads\/2025\/01\/GrizzlyMotor-nabidka-sluzeb-1-724x1024.jpeg","datePublished":"2023-03-22T13:48:43+00:00","dateModified":"2025-01-12T17:23:48+00:00","description":"Sponzo\u0159i Podorlick\u00e9 hasi\u010dsk\u00e9 ligy, kte\u0159\u00ed se aktivn\u011b pod\u00edlej\u00ed na jej\u00ed podpo\u0159e.","breadcrumb":{"@id":"https:\/\/www.oshrychnov.cz\/pohl\/index.php\/sponzori-ligy\/#breadcrumb"},"inLanguage":"cs","potentialAction":[{"@type":"ReadAction","target":["https:\/\/www.oshrychnov.cz\/pohl\/index.php\/sponzori-ligy\/"]}]},{"@type":"ImageObject","inLanguage":"cs","@id":"https:\/\/www.oshrychnov.cz\/pohl\/index.php\/sponzori-ligy\/#primaryimage","url":"https:\/\/www.oshrychnov.cz\/pohl\/wp-content\/uploads\/2025\/01\/GrizzlyMotor-nabidka-sluzeb-1.jpeg","contentUrl":"https:\/\/www.oshrychnov.cz\/pohl\/wp-content\/uploads\/2025\/01\/GrizzlyMotor-nabidka-sluzeb-1.jpeg","width":1414,"height":2000},{"@type":"BreadcrumbList","@id":"https:\/\/www.oshrychnov.cz\/pohl\/index.php\/sponzori-ligy\/#breadcrumb","itemListElement":[{"@type":"ListItem","position":1,"name":"Home","item":"https:\/\/www.oshrychnov.cz\/pohl\/"},{"@type":"ListItem","position":2,"name":"SPONZO\u0158I LIGY"}]},{"@type":"WebSite","@id":"https:\/\/www.oshrychnov.cz\/pohl\/#website","url":"https:\/\/www.oshrychnov.cz\/pohl\/","name":"Podorlick\u00e1 hasi\u010dsk\u00e1 liga","description":"Seri\u00e1l sout\u011b\u017e\u00ed v po\u017e\u00e1rn\u00edm \u00fatoku","potentialAction":[{"@type":"SearchAction","target":{"@type":"EntryPoint","urlTemplate":"https:\/\/www.oshrychnov.cz\/pohl\/?s={search_term_string}"},"query-input":{"@type":"PropertyValueSpecification","valueRequired":true,"valueName":"search_term_string"}}],"inLanguage":"cs"}]}},"_links":{"self":[{"href":"https:\/\/www.oshrychnov.cz\/pohl\/index.php\/wp-json\/wp\/v2\/pages\/138","targetHints":{"allow":["GET"]}}],"collection":[{"href":"https:\/\/www.oshrychnov.cz\/pohl\/index.php\/wp-json\/wp\/v2\/pages"}],"about":[{"href":"https:\/\/www.oshrychnov.cz\/pohl\/index.php\/wp-json\/wp\/v2\/types\/page"}],"author":[{"embeddable":true,"href":"https:\/\/www.oshrychnov.cz\/pohl\/index.php\/wp-json\/wp\/v2\/users\/1"}],"replies":[{"embeddable":true,"href":"https:\/\/www.oshrychnov.cz\/pohl\/index.php\/wp-json\/wp\/v2\/comments?post=138"}],"version-history":[{"count":7,"href":"https:\/\/www.oshrychnov.cz\/pohl\/index.php\/wp-json\/wp\/v2\/pages\/138\/revisions"}],"predecessor-version":[{"id":530,"href":"https:\/\/www.oshrychnov.cz\/pohl\/index.php\/wp-json\/wp\/v2\/pages\/138\/revisions\/530"}],"wp:attachment":[{"href":"https:\/\/www.oshrychnov.cz\/pohl\/index.php\/wp-json\/wp\/v2\/media?parent=138"}],"curies":[{"name":"wp","href":"https:\/\/api.w.org\/{rel}","templated":true}]}}