{"id":2,"date":"2022-04-25T21:50:10","date_gmt":"2022-04-25T19:50:10","guid":{"rendered":"https:\/\/www.oshrychnov.cz\/mladez\/?page_id=2"},"modified":"2026-04-27T20:40:34","modified_gmt":"2026-04-27T18:40:34","slug":"zkusebni-stranka","status":"publish","type":"page","link":"https:\/\/www.oshrychnov.cz\/mladez\/","title":{"rendered":""},"content":{"rendered":"<p style=\"text-align: center;\"><div id=\"metaslider-id-437\" style=\"width: 100%; margin: 0 auto;\" class=\"ml-slider-3-108-0 metaslider metaslider-flex metaslider-437 ml-slider has-carousel-mode ms-theme-default nav-hidden\" role=\"region\" aria-label=\"New Slideshow\" data-height=\"300\" data-width=\"800\">\n    <div id=\"metaslider_container_437\">\n        <div id=\"metaslider_437\">\n            <ul class='slides'>\n                <li style=\"display: none; width: 100%;\" class=\"slide-440 ms-image \" aria-roledescription=\"slide\" data-date=\"2022-08-07 21:52:28\" data-filename=\"krajskekoloplamen22_bystre_dobruska-9-scaled-800x300.jpg\" data-slide-type=\"image\"><img loading=\"lazy\" decoding=\"async\" src=\"https:\/\/www.oshrychnov.cz\/mladez\/wp-content\/uploads\/2022\/08\/krajskekoloplamen22_bystre_dobruska-9-scaled-800x300.jpg\" height=\"300\" width=\"800\" alt=\"\" class=\"slider-437 slide-440 msDefaultImage\" title=\"krajskekoloplamen22_bystre_dobruska (9)\" \/><\/li>\n                <li style=\"display: none; width: 100%;\" class=\"slide-829 ms-image \" aria-roledescription=\"slide\" data-date=\"2024-08-14 16:29:15\" data-filename=\"utok-800x300.jpg\" data-slide-type=\"image\"><img loading=\"lazy\" decoding=\"async\" src=\"https:\/\/www.oshrychnov.cz\/mladez\/wp-content\/uploads\/2024\/08\/utok-800x300.jpg\" height=\"300\" width=\"800\" alt=\"\" class=\"slider-437 slide-829 msDefaultImage\" title=\"oppo_2\" \/><\/li>\n                <li style=\"display: none; width: 100%;\" class=\"slide-443 ms-image \" aria-roledescription=\"slide\" data-date=\"2022-08-07 21:52:51\" data-filename=\"IMG_5954-800x300.jpg\" data-slide-type=\"image\"><img loading=\"lazy\" decoding=\"async\" src=\"https:\/\/www.oshrychnov.cz\/mladez\/wp-content\/uploads\/2022\/08\/IMG_5954-800x300.jpg\" height=\"300\" width=\"800\" alt=\"\" class=\"slider-437 slide-443 msDefaultImage\" \/><\/li>\n                <li style=\"display: none; width: 100%;\" class=\"slide-833 ms-image \" aria-roledescription=\"slide\" data-date=\"2024-08-14 16:41:30\" data-filename=\"kladina-800x300.jpg\" data-slide-type=\"image\"><img loading=\"lazy\" decoding=\"async\" src=\"https:\/\/www.oshrychnov.cz\/mladez\/wp-content\/uploads\/2024\/08\/kladina-800x300.jpg\" height=\"300\" width=\"800\" alt=\"\" class=\"slider-437 slide-833 msDefaultImage\" title=\"kladina\" \/><\/li>\n                <li style=\"display: none; width: 100%;\" class=\"slide-831 ms-image \" aria-roledescription=\"slide\" data-date=\"2024-08-14 16:29:15\" data-filename=\"zhvb-800x300.jpg\" data-slide-type=\"image\"><img loading=\"lazy\" decoding=\"async\" src=\"https:\/\/www.oshrychnov.cz\/mladez\/wp-content\/uploads\/2024\/08\/zhvb-800x300.jpg\" height=\"300\" width=\"800\" alt=\"\" class=\"slider-437 slide-831 msDefaultImage\" title=\"zhvb\" \/><\/li>\n                <li style=\"display: none; width: 100%;\" class=\"slide-827 ms-image \" aria-roledescription=\"slide\" data-date=\"2024-08-14 16:29:15\" data-filename=\"pood-800x300.jpg\" data-slide-type=\"image\"><img loading=\"lazy\" decoding=\"async\" src=\"https:\/\/www.oshrychnov.cz\/mladez\/wp-content\/uploads\/2024\/08\/pood-800x300.jpg\" height=\"300\" width=\"800\" alt=\"\" class=\"slider-437 slide-827 msDefaultImage\" title=\"pood\" \/><\/li>\n                <li style=\"display: none; width: 100%;\" class=\"slide-828 ms-image \" aria-roledescription=\"slide\" data-date=\"2024-08-14 16:29:15\" data-filename=\"taboreni-800x300.jpg\" data-slide-type=\"image\"><img loading=\"lazy\" decoding=\"async\" src=\"https:\/\/www.oshrychnov.cz\/mladez\/wp-content\/uploads\/2024\/08\/taboreni-800x300.jpg\" height=\"300\" width=\"800\" alt=\"\" class=\"slider-437 slide-828 msDefaultImage\" title=\"t\u00e1bo\u0159en\u00ed\" \/><\/li>\n            <\/ul>\n        <\/div>\n        \n    <\/div>\n<\/div><\/p>\r\n\r\n<p style=\"text-align: center;\">Na na\u0161em okrese p\u016fsobilo v&nbsp;z\u00e1v\u011bru roku 2025&nbsp;975 mlad\u00fdch hasi\u010d\u016f a dorostenc\u016f.\u00a0<\/p>\r\n<p style=\"text-align: center;\">Dru\u017estva mlad\u00fdch hasi\u010d\u016f jsou registrov\u00e1na ve 40 sborech.\u00a0<\/p>\r\n<p style=\"text-align: center;\">V sou\u010dasn\u00e9 dob\u011b m\u00e1me v&nbsp;okrese 3 garanty vzd\u011bl\u00e1v\u00e1n\u00ed, 1.&nbsp;vedouc\u00ed s&nbsp;kvalifikac\u00ed I. stupn\u011b, 61 vedouc\u00edch s&nbsp;kvalifikac\u00ed II. stupn\u011b, 51 vedouc\u00edch s&nbsp;kvalifikac\u00ed III. stupn\u011b.<\/p>\r\n<p style=\"text-align: center;\">V\u0161ichni kdo se ml\u00e1de\u017ei v\u011bnuj\u00ed, to d\u011blaj\u00ed pro dobr\u00fd pocit a v\u011bdom\u00ed smysluplnosti t\u00e9to \u010dinnosti, bez ohledu na \u010das, kter\u00fd by mohli vyu\u017e\u00edt sami pro sebe. O to v\u011bt\u0161\u00ed jim v\u0161em pat\u0159\u00ed pod\u011bkov\u00e1n\u00ed.<\/p>\r\n<p style=\"text-align: center;\">\u00a0<\/p>\r\n","protected":false},"excerpt":{"rendered":"<p>Na na\u0161em okrese p\u016fsobilo v&nbsp;z\u00e1v\u011bru roku 2025&nbsp;975 mlad\u00fdch hasi\u010d\u016f a dorostenc\u016f.\u00a0 Dru\u017estva mlad\u00fdch hasi\u010d\u016f jsou registrov\u00e1na ve 40 sborech.\u00a0 V&nbsp;sou\u010dasn\u00e9 dob\u011b m\u00e1me v&nbsp;okrese 3 garanty vzd\u011bl\u00e1v\u00e1n\u00ed, 1.&nbsp;vedouc\u00ed s&nbsp;kvalifikac\u00ed I. &hellip;<br \/><a href=\"https:\/\/www.oshrychnov.cz\/mladez\/\" class=\"more-link pen_button pen_element_default pen_icon_arrow_double\">Pokra\u010dovat ve\u00a0\u010dten\u00ed <span class=\"screen-reader-text\"><\/span><\/a><\/p>\n","protected":false},"author":1,"featured_media":0,"parent":0,"menu_order":0,"comment_status":"closed","ping_status":"open","template":"","meta":{"footnotes":""},"class_list":["post-2","page","type-page","status-publish","hentry"],"aioseo_notices":[],"_links":{"self":[{"href":"https:\/\/www.oshrychnov.cz\/mladez\/wp-json\/wp\/v2\/pages\/2","targetHints":{"allow":["GET"]}}],"collection":[{"href":"https:\/\/www.oshrychnov.cz\/mladez\/wp-json\/wp\/v2\/pages"}],"about":[{"href":"https:\/\/www.oshrychnov.cz\/mladez\/wp-json\/wp\/v2\/types\/page"}],"author":[{"embeddable":true,"href":"https:\/\/www.oshrychnov.cz\/mladez\/wp-json\/wp\/v2\/users\/1"}],"replies":[{"embeddable":true,"href":"https:\/\/www.oshrychnov.cz\/mladez\/wp-json\/wp\/v2\/comments?post=2"}],"version-history":[{"count":14,"href":"https:\/\/www.oshrychnov.cz\/mladez\/wp-json\/wp\/v2\/pages\/2\/revisions"}],"predecessor-version":[{"id":1438,"href":"https:\/\/www.oshrychnov.cz\/mladez\/wp-json\/wp\/v2\/pages\/2\/revisions\/1438"}],"wp:attachment":[{"href":"https:\/\/www.oshrychnov.cz\/mladez\/wp-json\/wp\/v2\/media?parent=2"}],"curies":[{"name":"wp","href":"https:\/\/api.w.org\/{rel}","templated":true}]}}