{"id":15,"date":"2022-04-26T16:39:55","date_gmt":"2022-04-26T14:39:55","guid":{"rendered":"https:\/\/www.oshrychnov.cz\/mladez\/?page_id=15"},"modified":"2026-04-28T19:22:03","modified_gmt":"2026-04-28T17:22:03","slug":"rada-mladeze","status":"publish","type":"page","link":"https:\/\/www.oshrychnov.cz\/mladez\/rada-mladeze\/","title":{"rendered":"Rada ml\u00e1de\u017ee"},"content":{"rendered":"<p style=\"text-align: center;\"><em>Odborn\u00e1 rada ml\u00e1de\u017ee se zam\u011b\u0159uje na organizaci pr\u00e1ce s&nbsp;kolektivy mlad\u00fdch hasi\u010d\u016f a dorostu ve sborech dobrovoln\u00fdch hasi\u010d\u016f. <\/em><\/p>\n<p style=\"text-align: center;\"><em>Zab\u00fdv\u00e1 se tak\u00e9 organizov\u00e1n\u00edm sout\u011b\u017e\u00ed ml\u00e1de\u017ee a dorostu, p\u0159\u00edpravou vedouc\u00edch mlad\u00fdch hasi\u010d\u016f a rozhod\u010d\u00edch ml\u00e1de\u017ee.<\/em><\/p>\n<h3 style=\"text-align: center;\"><span style=\"color: #ff0000;\"><strong>\u010clenov\u00e9 okresn\u00ed odborn\u00e9 rady ml\u00e1de\u017ee<\/strong><\/span><\/h3>\n<table style=\"width: 106.029%; height: 317px;\" width=\"845\">\n<tbody>\n<tr style=\"height: 24px;\">\n<td style=\"width: 39.3502%; height: 24px;\" width=\"212\">Dus\u00edlek M.<\/td>\n<td style=\"width: 1.20337%; height: 24px;\" width=\"129\">606561071<\/td>\n<td style=\"width: 31.4079%; height: 24px;\" width=\"226\"><a href=\"mailto:michal.dusilek@post.cz\">michal.dusilek@post.cz<\/a><\/td>\n<td style=\"width: 38.3875%; height: 24px;\" width=\"128\">Vedouc\u00ed OORM, Liga ml\u00e1de\u017ee, vzd\u011bl\u00e1v\u00e1n\u00ed<\/td>\n<\/tr>\n<tr style=\"height: 24px;\">\n<td style=\"width: 39.3502%; height: 24px;\">Chocholou\u0161ov\u00e1 L.<\/td>\n<td style=\"width: 1.20337%; height: 24px;\">724161943<\/td>\n<td style=\"width: 31.4079%; height: 24px;\"><a href=\"mailto:lida.ch@seznam.cz\">lida.ch@seznam.cz<\/a><\/td>\n<td style=\"width: 38.3875%; height: 24px;\">Z\u00e1stupkyn\u011b vedouc\u00edho OORM, vzd\u011bl\u00e1v\u00e1n\u00ed<\/td>\n<\/tr>\n<tr style=\"height: 24px;\">\n<td style=\"width: 39.3502%; height: 24px;\">Dole\u017ealov\u00e1 D.<\/td>\n<td style=\"width: 1.20337%; height: 24px;\">704543380<\/td>\n<td style=\"width: 31.4079%; height: 24px;\"><a href=\"mailto:ddolezalova99@gmail.com\">ddolezalova99@gmail.com<\/a><\/td>\n<td style=\"width: 38.3875%; height: 24px;\">\u010clen rady<\/td>\n<\/tr>\n<tr style=\"height: 24px;\">\n<td style=\"width: 39.3502%; height: 24px;\">Klou\u010dek V.<\/td>\n<td style=\"width: 1.20337%; height: 24px;\">604312013<\/td>\n<td style=\"width: 31.4079%; height: 24px;\"><a href=\"mailto:vitek.kloucek@gmail.com\">vitek.kloucek@gmail.com<\/a><\/td>\n<td style=\"width: 38.3875%; height: 24px;\">\u010clen rady<\/td>\n<\/tr>\n<tr style=\"height: 24px;\">\n<td style=\"width: 39.3502%; height: 24px;\">Kytl\u00edkov\u00e1 J.<\/td>\n<td style=\"width: 1.20337%; height: 24px;\">773781156<\/td>\n<td style=\"width: 31.4079%; height: 24px;\"><a href=\"mailto:jajakytlikova@seznam.cz\">jajakytlikova@seznam.cz<\/a><\/td>\n<td style=\"width: 38.3875%; height: 24px;\">\u010clen rady<\/td>\n<\/tr>\n<tr style=\"height: 24px;\">\n<td style=\"width: 39.3502%; height: 24px;\">Pale\u010dkov\u00e1 L.<\/td>\n<td style=\"width: 1.20337%; height: 24px;\">776373399<\/td>\n<td style=\"width: 31.4079%; height: 24px;\"><a href=\"mailto:lenka.paleckova@centrum.cz\">lenka.paleckova@centrum.cz<\/a><\/td>\n<td style=\"width: 38.3875%; height: 24px;\">\u010clen rady<\/td>\n<\/tr>\n<tr style=\"height: 24px;\">\n<td style=\"width: 39.3502%; height: 24px;\">Pleslov\u00e1 H.<\/td>\n<td style=\"width: 1.20337%; height: 24px;\">303502605<\/td>\n<td style=\"width: 31.4079%; height: 24px;\"><a href=\"mailto:hana.pleslova@organizator.cz\">hana.pleslova@organizator.cz<\/a><\/td>\n<td style=\"width: 38.3875%; height: 24px;\">\u010clen rady<\/td>\n<\/tr>\n<tr style=\"height: 24px;\">\n<td style=\"width: 39.3502%; height: 24px;\">Prausov\u00e1 L.<\/td>\n<td style=\"width: 1.20337%; height: 24px;\">777804987<\/td>\n<td style=\"width: 31.4079%; height: 24px;\"><a href=\"mailto:zidova.lucie@seznam.cz\">zidova.lucie@seznam.cz<\/a><\/td>\n<td style=\"width: 38.3875%; height: 24px;\">\u010clen rady<\/td>\n<\/tr>\n<tr style=\"height: 24px;\">\n<td style=\"width: 39.3502%; height: 24px;\">Pt\u00e1\u010dek O.<\/td>\n<td style=\"width: 1.20337%; height: 24px;\">728976447<\/td>\n<td style=\"width: 31.4079%; height: 24px;\"><a href=\"mailto:ptacekotto@seznam.cz\">ptacekotto@seznam.cz<\/a><\/td>\n<td style=\"width: 38.3875%; height: 24px;\">\u010clen rady<\/td>\n<\/tr>\n<tr style=\"height: 24px;\">\n<td style=\"width: 39.3502%; height: 24px;\">\u0158eh\u00e1\u010dek J.<\/td>\n<td style=\"width: 1.20337%; height: 24px;\">724291553<\/td>\n<td style=\"width: 31.4079%; height: 24px;\"><a href=\"mailto:rehacek.jirka@seznam.cz\">rehacek.jirka@seznam.cz<\/a><\/td>\n<td style=\"width: 38.3875%; height: 24px;\">\u010clen rady<\/td>\n<\/tr>\n<tr style=\"height: 24px;\">\n<td style=\"width: 39.3502%; height: 24px;\">Zemanov\u00e1 K.<\/td>\n<td style=\"width: 1.20337%; height: 24px;\">603709174<\/td>\n<td style=\"width: 31.4079%; height: 24px;\"><a href=\"mailto:zemoska@seznam.cz\">zemoska@seznam.cz<\/a><\/td>\n<td style=\"width: 38.3875%; height: 24px;\">\u010clen rady<\/td>\n<\/tr>\n<\/tbody>\n<\/table>\n<h3 style=\"text-align: center;\"><span style=\"color: #ff0000;\"><strong>Term\u00edny zased\u00e1n\u00ed odborn\u00e9 rady v&nbsp;roce 2026<\/strong><\/span><\/h3>\n<table style=\"border-collapse: collapse; width: 100%;\">\n<tbody>\n<tr>\n<td style=\"width: 16.6667%;\">12.&nbsp;ledna<\/td>\n<td style=\"width: 16.6667%;\">2.&nbsp;dubna<\/td>\n<td style=\"width: 16.6667%;\">21.&nbsp;kv\u011btna<\/td>\n<td style=\"width: 16.6667%;\">20.&nbsp;srpna<\/td>\n<td style=\"width: 16.6667%;\">8.&nbsp;\u0159\u00edjna<\/td>\n<td style=\"width: 16.6667%;\"><\/td>\n<\/tr>\n<\/tbody>\n<\/table>\n<h3 style=\"text-align: center;\"><span style=\"color: #ff0000;\"><strong>Zpr\u00e1vy o \u010dinnosti hasi\u010dsk\u00e9 ml\u00e1de\u017ee<br \/>\n<\/strong><\/span><\/h3>\n<table style=\"border-collapse: collapse; width: 87.1795%; height: 266px;\">\n<tbody>\n<tr>\n<td style=\"width: 25%;\"><strong>2025<\/strong><\/td>\n<td style=\"width: 25.1208%; text-align: center;\"><a href=\"https:\/\/www.oshrychnov.cz\/mladez\/wp-content\/uploads\/2026\/04\/zprava_oorm_25.pdf\"><img loading=\"lazy\" decoding=\"async\" class=\"aligncenter wp-image-170\" src=\"http:\/\/www.oshrychnov.cz\/wp-content\/uploads\/2016\/12\/pdf2-242x300.png\" alt=\"\" width=\"30\" height=\"37\" \/><\/a><\/td>\n<td style=\"width: 24.8792%; height: 56px;\"><strong>2015<\/strong><\/td>\n<td style=\"width: 25%; text-align: center;\"><\/td>\n<\/tr>\n<tr>\n<td style=\"width: 25%;\"><strong>2024<\/strong><\/td>\n<td style=\"width: 25.1208%; text-align: center;\"><a href=\"https:\/\/www.oshrychnov.cz\/mladez\/wp-content\/uploads\/2026\/04\/zprava_oorm_24.pdf\"><img loading=\"lazy\" decoding=\"async\" class=\"aligncenter wp-image-170\" src=\"http:\/\/www.oshrychnov.cz\/wp-content\/uploads\/2016\/12\/pdf2-242x300.png\" alt=\"\" width=\"30\" height=\"37\" \/><\/a><\/td>\n<td style=\"width: 24.8792%; height: 56px;\"><strong>2014<\/strong><\/td>\n<td style=\"width: 25%; height: 56px; text-align: center;\"><a href=\"https:\/\/www.oshrychnov.cz\/mladez\/wp-content\/uploads\/2022\/08\/zprava_oorm_14.pdf\"><img loading=\"lazy\" decoding=\"async\" class=\"alignnone wp-image-170\" src=\"http:\/\/www.oshrychnov.cz\/wp-content\/uploads\/2016\/12\/pdf2-242x300.png\" alt=\"\" width=\"30\" height=\"37\" \/><\/a><\/td>\n<\/tr>\n<tr style=\"height: 24px;\">\n<td style=\"width: 25%; height: 24px;\"><strong>2023<\/strong><\/td>\n<td style=\"width: 25.1208%; text-align: center; height: 24px;\"><a href=\"https:\/\/www.oshrychnov.cz\/mladez\/wp-content\/uploads\/2024\/08\/zpravaoorm_23.pdf\"><img loading=\"lazy\" decoding=\"async\" class=\"aligncenter wp-image-170\" src=\"http:\/\/www.oshrychnov.cz\/wp-content\/uploads\/2016\/12\/pdf2-242x300.png\" alt=\"\" width=\"30\" height=\"37\" \/><\/a><\/td>\n<td style=\"width: 24.8792%; height: 26px;\"><strong>2013<\/strong><\/td>\n<td style=\"width: 25%; height: 26px; text-align: center;\"><a href=\"https:\/\/www.oshrychnov.cz\/mladez\/wp-content\/uploads\/2022\/08\/zprava_oorm_13.pdf\"><img loading=\"lazy\" decoding=\"async\" class=\"alignnone wp-image-170\" src=\"http:\/\/www.oshrychnov.cz\/wp-content\/uploads\/2016\/12\/pdf2-242x300.png\" alt=\"\" width=\"30\" height=\"37\" \/><\/a><\/td>\n<\/tr>\n<tr style=\"height: 24px;\">\n<td style=\"width: 25%; height: 56px;\"><strong>2022<\/strong><\/td>\n<td style=\"width: 25.1208%; height: 56px;\"><a href=\"https:\/\/www.oshrychnov.cz\/mladez\/wp-content\/uploads\/2023\/12\/zprava_oorm_2022.pdf\"><img loading=\"lazy\" decoding=\"async\" class=\"aligncenter wp-image-170\" src=\"http:\/\/www.oshrychnov.cz\/wp-content\/uploads\/2016\/12\/pdf2-242x300.png\" alt=\"\" width=\"30\" height=\"37\" \/><\/a><\/td>\n<td style=\"width: 24.8792%; height: 24px;\"><strong>2012<\/strong><\/td>\n<td style=\"width: 25%; height: 24px; text-align: center;\"><a href=\"https:\/\/www.oshrychnov.cz\/mladez\/wp-content\/uploads\/2022\/08\/zprava_oorm_12.pdf\"><img loading=\"lazy\" decoding=\"async\" class=\"alignnone wp-image-170\" src=\"http:\/\/www.oshrychnov.cz\/wp-content\/uploads\/2016\/12\/pdf2-242x300.png\" alt=\"\" width=\"30\" height=\"37\" \/><\/a><\/td>\n<\/tr>\n<tr style=\"height: 26px;\">\n<td style=\"width: 25%; height: 26px;\"><strong>2021<\/strong><\/p>\n<p><strong>2020<\/strong><\/td>\n<td style=\"width: 25.1208%; height: 26px;\"><a href=\"https:\/\/www.oshrychnov.cz\/mladez\/wp-content\/uploads\/2022\/08\/zprava_oorm_2021.pdf\"><img loading=\"lazy\" decoding=\"async\" class=\"wp-image-170 aligncenter\" src=\"http:\/\/www.oshrychnov.cz\/wp-content\/uploads\/2016\/12\/pdf2-242x300.png\" alt=\"\" width=\"30\" height=\"37\" \/><\/a><\/td>\n<td style=\"width: 24.8792%; height: 24px;\"><strong>2011<\/strong><\/td>\n<td style=\"width: 25%; height: 24px; text-align: center;\"><a href=\"https:\/\/www.oshrychnov.cz\/mladez\/wp-content\/uploads\/2022\/08\/zprava_oorm_11.pdf\"><img loading=\"lazy\" decoding=\"async\" class=\"alignnone wp-image-170\" src=\"http:\/\/www.oshrychnov.cz\/wp-content\/uploads\/2016\/12\/pdf2-242x300.png\" alt=\"\" width=\"30\" height=\"37\" \/><\/a><\/td>\n<\/tr>\n<tr style=\"height: 24px;\">\n<td style=\"width: 25%; height: 24px;\"><strong>2019<\/strong><\/td>\n<td style=\"width: 25.1208%; height: 24px;\"><\/td>\n<td style=\"width: 24.8792%; height: 44px;\"><strong>2010<\/strong><\/td>\n<td style=\"width: 25%; height: 44px; text-align: center;\"><a href=\"https:\/\/www.oshrychnov.cz\/mladez\/wp-content\/uploads\/2022\/08\/zprava_oorm_10.pdf\"><img loading=\"lazy\" decoding=\"async\" class=\"alignnone wp-image-170\" src=\"http:\/\/www.oshrychnov.cz\/wp-content\/uploads\/2016\/12\/pdf2-242x300.png\" alt=\"\" width=\"30\" height=\"37\" \/><\/a><\/td>\n<\/tr>\n<tr style=\"height: 24px;\">\n<td style=\"width: 25%; height: 24px;\"><strong>2018<\/strong><\/td>\n<td style=\"width: 25.1208%; height: 24px;\"><\/td>\n<td style=\"width: 24.8792%; height: 44px;\"><strong>2009<\/strong><\/td>\n<td style=\"width: 25%; height: 44px; text-align: center;\"><a href=\"https:\/\/www.oshrychnov.cz\/mladez\/wp-content\/uploads\/2022\/08\/zprava_oorm_09.pdf\"><img loading=\"lazy\" decoding=\"async\" class=\"alignnone wp-image-170\" src=\"http:\/\/www.oshrychnov.cz\/wp-content\/uploads\/2016\/12\/pdf2-242x300.png\" alt=\"\" width=\"30\" height=\"37\" \/><\/a><\/td>\n<\/tr>\n<tr style=\"height: 44px;\">\n<td style=\"width: 25%; height: 44px;\"><strong>2017<\/strong><\/td>\n<td style=\"width: 25.1208%; text-align: center; height: 44px;\"><a href=\"https:\/\/www.oshrychnov.cz\/mladez\/wp-content\/uploads\/2022\/08\/zpravaorm_17.pdf\"><img loading=\"lazy\" decoding=\"async\" class=\"alignnone wp-image-170\" src=\"http:\/\/www.oshrychnov.cz\/wp-content\/uploads\/2016\/12\/pdf2-242x300.png\" alt=\"\" width=\"30\" height=\"37\" \/><\/a><\/td>\n<td style=\"width: 24.8792%; height: 44px;\"><\/td>\n<td style=\"width: 25%; height: 44px; text-align: center;\"><\/td>\n<\/tr>\n<tr style=\"height: 44px;\">\n<td style=\"width: 25%; height: 44px;\"><strong>2016<\/strong><\/td>\n<td style=\"width: 25.1208%; text-align: center; height: 44px;\"><a href=\"https:\/\/www.oshrychnov.cz\/mladez\/wp-content\/uploads\/2022\/08\/zprava_oorm_16.pdf\"><img loading=\"lazy\" decoding=\"async\" class=\"alignnone wp-image-170\" src=\"http:\/\/www.oshrychnov.cz\/wp-content\/uploads\/2016\/12\/pdf2-242x300.png\" alt=\"\" width=\"30\" height=\"37\" \/><\/a><\/td>\n<td style=\"width: 24.8792%; height: 44px;\"><\/td>\n<td style=\"width: 25%; height: 44px; text-align: center;\"><\/td>\n<\/tr>\n<\/tbody>\n<\/table>\n<p style=\"text-align: center;\">*<\/p>\n<h3 style=\"text-align: center;\"><span style=\"color: #ff0000;\">Dokumenty, koncepce a vnit\u0159n\u00ed p\u0159edpisy<\/span><\/h3>\n<table style=\"border-collapse: collapse; width: 100%;\">\n<tbody>\n<tr>\n<td style=\"width: 69.7576%;\"><strong>Strategie ml\u00e1de\u017e 2030+<\/strong><\/td>\n<td style=\"width: 30.2424%;\"><a href=\"https:\/\/www.oshrychnov.cz\/mladez\/wp-content\/uploads\/2022\/06\/Strategie_mladez_2030-2_cast_Sport.pdf\"><img loading=\"lazy\" decoding=\"async\" class=\"alignnone wp-image-92\" src=\"https:\/\/www.oshrychnov.cz\/mladez\/wp-content\/uploads\/2022\/04\/pdf2-242x300.png\" alt=\"\" width=\"30\" height=\"37\" \/><\/a><\/td>\n<\/tr>\n<tr>\n<td style=\"width: 69.7576%;\"><strong>\u00a0&#8211; podpora \u010dinnosti kolektiv\u016f MH<\/strong><\/td>\n<td style=\"width: 30.2424%;\"><a href=\"https:\/\/www.oshrychnov.cz\/mladez\/wp-content\/uploads\/2022\/06\/Strategie_mladez_2030-1_cast_Kolektivy.pdf\"><img loading=\"lazy\" decoding=\"async\" class=\"alignnone wp-image-92\" src=\"https:\/\/www.oshrychnov.cz\/mladez\/wp-content\/uploads\/2022\/04\/pdf2-242x300.png\" alt=\"\" width=\"30\" height=\"37\" \/><\/a><\/td>\n<\/tr>\n<tr>\n<td style=\"width: 69.7576%;\"><strong>\u00a0&#8211; podpora sportovn\u00ed \u010dinnosti d\u011bt\u00ed a ml\u00e1de\u017ee<\/strong><\/td>\n<td style=\"width: 30.2424%;\"><a href=\"https:\/\/www.oshrychnov.cz\/mladez\/wp-content\/uploads\/2022\/06\/Strategie_mladez_2030_novy.pdf\"><img loading=\"lazy\" decoding=\"async\" class=\"alignnone wp-image-92\" src=\"https:\/\/www.oshrychnov.cz\/mladez\/wp-content\/uploads\/2022\/04\/pdf2-242x300.png\" alt=\"\" width=\"30\" height=\"37\" \/><\/a><\/td>\n<\/tr>\n<tr>\n<td style=\"width: 69.7576%;\"><\/td>\n<td style=\"width: 30.2424%;\"><\/td>\n<\/tr>\n<tr>\n<td style=\"width: 69.7576%;\"><strong>Sm\u011brnice \u010dinnosti s&nbsp;kolektivy mlad\u00fdch hasi\u010d\u016f<\/strong><\/td>\n<td style=\"width: 30.2424%;\"><a href=\"https:\/\/www.oshrychnov.cz\/mladez\/wp-content\/uploads\/2022\/06\/Smernice-cinnosti-s-kolektivy-mladych-hasicu-od-2019.pdf\"><img loading=\"lazy\" decoding=\"async\" class=\"alignnone wp-image-92\" src=\"https:\/\/www.oshrychnov.cz\/mladez\/wp-content\/uploads\/2022\/04\/pdf2-242x300.png\" alt=\"\" width=\"30\" height=\"37\" \/><\/a><\/td>\n<\/tr>\n<tr>\n<td style=\"width: 69.7576%;\"><strong>Statut odborn\u00fdch rad ml\u00e1de\u017ee<\/strong><\/td>\n<td style=\"width: 30.2424%;\"><a href=\"https:\/\/www.oshrychnov.cz\/mladez\/wp-content\/uploads\/2022\/06\/Statut-odbornch-rad-mldee-2012.pdf\"><img loading=\"lazy\" decoding=\"async\" class=\"alignnone wp-image-92\" src=\"https:\/\/www.oshrychnov.cz\/mladez\/wp-content\/uploads\/2022\/04\/pdf2-242x300.png\" alt=\"\" width=\"30\" height=\"37\" \/><\/a><\/td>\n<\/tr>\n<\/tbody>\n<\/table>\n<p style=\"text-align: center;\">*<em>\u00a0<\/em><\/p>\n<table border=\"0\">\n<tbody>\n<tr>\n<td>Archiv dokument\u016f (2008 &#8211; 2009)<\/td>\n<td align=\"center\"><a href=\"https:\/\/www.oshrychnov.cz\/mladez\/wp-content\/uploads\/2022\/08\/archivmladez_0809.zip\"><img loading=\"lazy\" decoding=\"async\" class=\"alignnone wp-image-129\" src=\"https:\/\/www.oshrychnov.cz\/mladez\/wp-content\/uploads\/2022\/05\/zip.jpg\" alt=\"\" width=\"30\" height=\"30\" \/><\/a><\/td>\n<\/tr>\n<\/tbody>\n<\/table>\n<p>&nbsp;<\/p>\n","protected":false},"excerpt":{"rendered":"<p>Odborn\u00e1 rada ml\u00e1de\u017ee se zam\u011b\u0159uje na organizaci pr\u00e1ce s&nbsp;kolektivy mlad\u00fdch hasi\u010d\u016f a dorostu ve sborech dobrovoln\u00fdch hasi\u010d\u016f. Zab\u00fdv\u00e1 se tak\u00e9 organizov\u00e1n\u00edm sout\u011b\u017e\u00ed ml\u00e1de\u017ee a dorostu, p\u0159\u00edpravou vedouc\u00edch mlad\u00fdch hasi\u010d\u016f a &hellip;<br \/><a href=\"https:\/\/www.oshrychnov.cz\/mladez\/rada-mladeze\/\" class=\"more-link pen_button pen_element_default pen_icon_arrow_double\">Pokra\u010dovat ve\u00a0\u010dten\u00ed <span class=\"screen-reader-text\">Rada ml\u00e1de\u017ee<\/span><\/a><\/p>\n","protected":false},"author":1,"featured_media":0,"parent":0,"menu_order":0,"comment_status":"closed","ping_status":"closed","template":"","meta":{"footnotes":""},"class_list":["post-15","page","type-page","status-publish","hentry"],"aioseo_notices":[],"_links":{"self":[{"href":"https:\/\/www.oshrychnov.cz\/mladez\/wp-json\/wp\/v2\/pages\/15","targetHints":{"allow":["GET"]}}],"collection":[{"href":"https:\/\/www.oshrychnov.cz\/mladez\/wp-json\/wp\/v2\/pages"}],"about":[{"href":"https:\/\/www.oshrychnov.cz\/mladez\/wp-json\/wp\/v2\/types\/page"}],"author":[{"embeddable":true,"href":"https:\/\/www.oshrychnov.cz\/mladez\/wp-json\/wp\/v2\/users\/1"}],"replies":[{"embeddable":true,"href":"https:\/\/www.oshrychnov.cz\/mladez\/wp-json\/wp\/v2\/comments?post=15"}],"version-history":[{"count":28,"href":"https:\/\/www.oshrychnov.cz\/mladez\/wp-json\/wp\/v2\/pages\/15\/revisions"}],"predecessor-version":[{"id":1434,"href":"https:\/\/www.oshrychnov.cz\/mladez\/wp-json\/wp\/v2\/pages\/15\/revisions\/1434"}],"wp:attachment":[{"href":"https:\/\/www.oshrychnov.cz\/mladez\/wp-json\/wp\/v2\/media?parent=15"}],"curies":[{"name":"wp","href":"https:\/\/api.w.org\/{rel}","templated":true}]}}